5*d + 7, -4*q + 0*d - 5*d = -16. Calculate the remainder when (q/4)/(6/48) is divided by 7.
4
Let r(o) = -o + 10. Let b = 4 + 2. Let z be r(b). Suppose h + h = -4, -24 = -2*x - z*h. Calculate the remainder when 46 is divided by x.
14
Suppose -49 = -14*p + 35. What is the remainder when 95 is divided by p?
5
Let a = -5 - -11. What is the remainder when ((8/10)/(4/150))/2 is divided by a?
3
Let u = -14 - -16. What is the remainder when u is divided by 2?
0
Suppose 4*p - 6*p = -52. Suppose 0 = -2*j + 10 - 4. Suppose j*c - 70 = -2*c. Calculate the remainder when p is divided by c.
12
Suppose x + 3*x - 16 = 0. Suppose -f = -2*j + 43, x*j = -3*f + 89 + 12. What is the remainder when 44 is divided by j?
21
Suppose 4*s - 40 = -4*v, 3*s + 22 = 3*v + 52. Calculate the remainder when 36 is divided by s.
6
Let u = 13 + -19. Let i(r) = 3*r**3 + 8*r**2 + 9*r + 6. Let a(q) = q**3 + q + 1. Let n(p) = -2*a(p) + i(p). What is the remainder when n(u) is divided by 12?
10
Suppose -2 - 7 = -3*n. Let b = n - -5. What is the remainder when 13 is divided by b?
5
Let g = 31 - 17. What is the remainder when g is divided by 4?
2
Let x be (2/2)/(1/31). Let z = -13 + x. Suppose q = 3*q - z. Calculate the remainder when 17 is divided by q.
8
Suppose 6*j = 2*j + 4*t + 24, -2*t + 54 = 4*j. Calculate the remainder when 21 is divided by j.
10
What is the remainder when 39 is divided by 6/3 - (-19 - 0)?
18
Suppose 0*m + 3*m - 3 = 0. Let x = m + 7. Calculate the remainder when 16 is divided by 148/16 + (-2)/x.
7
Let p = 11 + 0. Calculate the remainder when p is divided by (2 - 2 - -1) + 2.
2
Suppose w + 3*p = 24, -5*p = 2*w - 54 + 10. What is the remainder when 35 is divided by w?
11
Let i = 2 - -7. Calculate the remainder when 35 is divided by i.
8
Let c be 2/3*(0 + 291). Calculate the remainder when 20 is divided by c/18 + (-2)/(-9).
9
Suppose 3*b + 46 = -8. Let h = b - -35. What is the remainder when 32 is divided by h?
15
Calculate the remainder when (87/6)/(7/14) is divided by 16.
13
Suppose -3*i = -i - 4. Let p be i/(-4)*2*7. Let x = p + 12. What is the remainder when 14 is divided by x?
4
Suppose 3*w - d + 62 = 0, -3*w - 52 = -d + 5*d. What is the remainder when ((-29)/(-2))/((-5)/w) is divided by 15?
13
Let h = -2 - -2. Let r = h + 4. Calculate the remainder when r is divided by 2.
0
Let m = 1 - -3. Suppose -m*v = v - 100. Calculate the remainder when 58 is divided by v.
18
Let t(y) = -351*y**3 - 2*y**2 + 2*y - 1. Let h be t(1). Suppose -2*d = -34 + 10. Calculate the remainder when 1/(-5) - h/10 is divided by d.
11
Let j = -11 - -16. Suppose -j*i + 4*c + 143 = 6*c, 4*c = 3*i - 65. What is the remainder when i is divided by 14?
13
What is the remainder when 27 is divided by ((-2)/3)/(14/(-147))?
6
Suppose 7*r - 50 - 76 = 0. What is the remainder when r is divided by 5?
3
Let y = 29 + -13. Calculate the remainder when 79 is divided by y.
15
What is the remainder when 10*1/(-15)*-9 is divided by 4?
2
Suppose 0 = -3*h - 3*p + 318, -11*h + p = -6*h - 554. Calculate the remainder when h is divided by 28.
26
Let y = 14 + -8. Let a be y/2 - 4/(-2). Suppose 3*x - 2*l + 0*l = 39, -a*x + 3*l + 65 = 0. Calculate the remainder when x is divided by 4.
1
Suppose m - 26 = 4*s, -4*s - 3 = 4*m - 7. Calculate the remainder when 28 is divided by m.
4
Let j = 68 - 48. Let w = -12 + j. Suppose 5*i - 52 - 58 = 0. What is the remainder when i is divided by w?
6
Suppose 0 = 3*t - 3*x - 17 - 28, 15 = -3*x. Calculate the remainder when 68 is divided by t.
8
Suppose -15*f + 18*f = 21. Suppose 3*d - 4*h + 0*h = 48, -3*d = -5*h - 45. What is the remainder when d is divided by f?
6
Let u(y) = y + 2. Suppose 4*o + 41 = 5*z, 2*z - 7 = -o - 1. What is the remainder when z is divided by u(0)?
1
Suppose 73 + 112 = 5*v - 5*t, 4*t = -v + 27. Suppose -a = -0*a - l - 10, -2*a - 3*l = -v. What is the remainder when 38 is divided by a?
12
Let t = 22 + 27. Let q(l) be the third derivative of -l**4/24 + 17*l**3/6 + l**2. What is the remainder when t is divided by q(0)?
15
Let i be 2/(-5) + 12/30. What is the remainder when (0 + (4 - i))/2 is divided by 2?
0
Calculate the remainder when (5 - -21)*(-9)/(-6) is divided by 2 + 0 + 1 + 11.
11
Suppose 3*n - n = 34. What is the remainder when 32 is divided by n?
15
Suppose -4*t - 4 = 4*j + 44, -5*t + 110 = -5*j. What is the remainder when (j - -2)/(1/(-3)) is divided by 12?
9
Suppose 3*p = 5*p - 36. Let w be 4/2 + 4*2. Let x = p - w. What is the remainder when 22 is divided by x?
6
Let m = 37 - 16. What is the remainder when 81 is divided by m?
18
Let f = -3 + 0. Calculate the remainder when (f - 1)*(-94)/8 is divided by 16.
15
Suppose 19*a = 23*a - 396. Calculate the remainder when a is divided by 25.
24
Let b(u) = -u + 6. Calculate the remainder when 15 is divided by b(2).
3
Calculate the remainder when (-5558)/(-98) + 2/7 is divided by 12.
9
Let m = -26 + 40. Suppose -p + 3*p - m = 3*c, -4*c + 16 = 0. What is the remainder when p is divided by 7?
6
Suppose -48 = -0*w - 4*w - 2*j, w + 2*j - 18 = 0. What is the remainder when 127 is divided by w?
7
Let k(q) = q**2 - q + 11. Let j = -75 + 106. Calculate the remainder when j is divided by k(0).
9
Suppose 4 = 3*b - 2. Let k(r) = 4*r. Calculate the remainder when 30 is divided by k(b).
6
Suppose -11 = -2*q - w, q - 4*w = 5*q - 32. Suppose 7*d = -2*d + 18. Calculate the remainder when d is divided by 5/3 + (-2)/q.
0
Suppose -5*y + 122 = 22. Suppose 0 = -k, 2*a - a = k + y. What is the remainder when 39 is divided by a?
19
Let d(b) = -b**2 + 7*b - 1. Let v be d(5). Suppose -y + v + 1 = 0. What is the remainder when 39 is divided by y?
9
Let r be (-2)/(-2) + 53 + 1. What is the remainder when r - ((-2 - -3) + -2) is divided by 1/(-3 - (-58)/19)?
18
Suppose 0 = -2*s + 10 + 36. What is the remainder when s is divided by 5?
3
Let n = -13 - -41. Suppose -28 = -2*x - 5*t, -4*t + n = 3*x - 0*t. What is the remainder when x is divided by 2?
0
Suppose 0 = h - 49 - 9. Suppose -61*v = -66*v + 75. Calculate the remainder when h is divided by v.
13
Suppose -2*g = -4*g + 3*r + 35, 0 = -2*g + 5*r + 45. Calculate the remainder when 2/g - 109/(-5) is divided by 8.
6
Suppose 6*r + 3*x = 3*r + 252, 160 = 2*r + 4*x. Suppose 0 = -4*t + 2*k + 135 - 451, -t - r = 4*k. Calculate the remainder when t/(-6) + 1/(-3) is divided by 7.
6
Let g(y) = -4*y + 11. Let r be (-1 - 2)*(-3 - -1). Suppose -r*c + c - 55 = 0. What is the remainder when g(c) is divided by 19?
17
Suppose -2*f - 2*n = -12, -4*f - 5*n = -0*n - 28. Suppose 2*w = 4*w - 6. Suppose w*r - 3 = -0*r. What is the remainder when f is divided by r?
0
Suppose 3*h + 4 = -2, -2*z + 24 = -4*h. Let j = 88 + -73. What is the remainder when j is divided by z?
7
What is the remainder when 4/(-8)*122*-1 is divided by 16?
13
Let p(u) = -u**2 + u + 1. Let l = 4 + -1. Let c be p(l). What is the remainder when 61 is divided by 14/10*-3*c?
19
Let k be (-18)/24*(-64)/2. Let q = 8 - k. What is the remainder when (q/(-6))/(3/9) is divided by 5?
3
Suppose -s = 3*s - 4. Suppose c - 2 = s. Let a(b) = 4*b**2 + 2*b + 4. Calculate the remainder when a(c) is divided by 16.
14
Let n(w) = -2*w - 3. Let q be n(-3). What is the remainder when 23 is divided by (q + -8)*(-16)/10?
7
Let c be 10 - (-3 - -9 - 3). Let d = c - 4. Calculate the remainder when 7 is divided by d.
1
Suppose -4*h + 0*h + 88 = 0. Let x = 1 - 2. Let g = 9 + x. Calculate the remainder when h is divided by g.
6
Let x(d) = -d**3 + 3*d**2 - d + 6. Let b be x(3). Suppose 0 = -w - b*w + 72. Calculate the remainder when w is divided by 7.
4
Let p = -1 - -5. Let g be 2 + -2*(-3 + p). Let w(z) = z**2 + 8. What is the remainder when 30 is divided by w(g)?
6
Suppose -z - 175 = 4*z. Calculate the remainder when (-1195)/z + 1/(-7) is divided by 12.
10
Suppose -2*x - 3*x + 70 = 0. Suppose v - 6 = -1. What is the remainder when x is divided by v?
4
Suppose 3*f - 2*k - 32 = 0, 4*k - 7 = -3*f + 1. Calculate the remainder when (4/f)/(2/76) is divided by 10.
9
Let q = -2 + 0. Suppose -3*b = -4*b + 15. Calculate the remainder when -1*(q/(-2) - 44) is divided by b.
13
Suppose -5*o = x + 73, 3*x - 83 = 5*o - x. Let p = -6 - o. What is the remainder when 26 is divided by p?
8
Suppose -3*h = -2*h - 32. Let a(r) = 6*r + 1. Let g be a(1). Let x = g + h. What is the remainder 